ens digit of j?
2
What is the tens digit of 2/(-3) - 1460/(-30)?
4
Suppose 5*f - 17 = -p, -2*p - 5*f + 3 = -6. Suppose 4*v = 3*y - 26, -4*v + 15 = 4*y - 1. What is the units digit of y + (p/2 - -1)?
3
What is the hundreds digit of (410 - 1 - -2)/((-6)/(-4))?
2
Let u = 19 - 11. What is the units digit of u?
8
Suppose z = 3 + 8. What is the tens digit of z?
1
Let h be (-158)/(-5) + (-2)/(-5). Suppose -2*d - 4 + 34 = 4*b, -5*b + 3*d + h = 0. Suppose -b = -t - 2. What is the units digit of t?
5
Let n be ((-36)/(-15))/(4/(-180)). Let p = n + 154. What is the units digit of p?
6
Let o be 690/4*(-104)/39. What is the units digit of (6/(-4))/(15/o)?
6
What is the tens digit of (-52)/((-24)/9 - -2)?
7
Let m(f) = f**3 + 4*f**2 + 6*f + 4. Let g be m(-5). Let x = 71 + g. Suppose j + 4 = 3*c, -j = 5*c - 0*j - x. What is the units digit of c?
3
Let g be 10/2 - (-8)/8. What is the units digit of 70/g + 2/(-3)?
1
Let j = 49 + -38. What is the units digit of j?
1
Let r be (-22)/(-4) - (-1)/(-2). Suppose -r*u = -2*w + 8, 0 = -4*w + 18 - 2. Let g(s) = -s**3 + s**2 + s + 4. What is the units digit of g(u)?
4
Let z be -4 - (0 + 1 - 0). Let k = z + 10. What is the units digit of k?
5
Suppose 5 = 5*n, 3*c + 2*n - 3*n = -28. Let w be (15/c)/(2/6). What is the units digit of 8/(-20) + (-27)/w?
5
Let y = -16 - -24. What is the units digit of y?
8
Let w(d) = -d**3 + 9*d**2 - 5*d - 6. Let r be w(8). Let z = 31 - r. What is the units digit of z?
3
Let g(u) = u**2 - 6*u - 3. Let l be g(7). Suppose -2*c - 32 = -l*c. What is the units digit of c?
6
Let o(s) = -9*s - 6. What is the units digit of o(-8)?
6
Let b(t) = -34*t + 46. What is the hundreds digit of b(-9)?
3
Let l(u) = u**3 - 12*u**2 - 11*u - 4. Let j be l(13). Suppose 0 = 4*z - 2 - 18, z = 3*k - j. What is the units digit of k?
9
What is the hundreds digit of 12029/69 + 2/3?
1
Let t(b) = -3*b**3 - 6*b**2 - 5*b - 14. What is the units digit of t(-4)?
2
Suppose 0*c + 2*c = 10. Suppose -4 - 6 = 5*i, 0 = v + c*i + 3. Suppose -2 = m - 4*j - v, j = -m + 20. What is the tens digit of m?
1
Suppose -4*y - 2 = 2*o, o - 11 = 5*o + y. Let p = -3 - o. What is the units digit of -1 + 2 + p + 3?
4
Let c(p) = -p**3 + 5*p**2 + 7*p - 2. Let y be c(6). Suppose y*k - 8*k = 12. What is the units digit of 2/k + (-26)/(-3)?
8
Let u(r) = r**3 + 3*r**2 - r. Let b be u(-3). Let s(y) = y**3 + 5*y**2 + 4*y + 1. Let o be s(-4). Let c = b - o. What is the units digit of c?
2
Suppose 3*u + 100 = 8*u. What is the units digit of u?
0
Let d(c) be the second derivative of c**3/3 + 6*c**2 - 6*c. What is the tens digit of d(10)?
3
Suppose -5*u + 2*y + 6 = 0, 4*u = 3*y - 0*y + 9. Let k = -1 - -11. Let j = k + u. What is the tens digit of j?
1
Let m = -5 - -11. Let t be (-1 - 0)*-3 - m. What is the units digit of (-10)/(-6) - 1/t?
2
What is the tens digit of 3/(9/1)*189?
6
Let b(n) = -n + 2. Let c be b(0). Let w = 25 + c. What is the units digit of w?
7
Suppose 7 = 7*z - 6*z. What is the units digit of z?
7
Let o = -17 + 65. Suppose t + o = 5*t. What is the units digit of t?
2
Let j = 2 - 0. Let z(l) = -l + 11*l**j - 2*l + 2*l. What is the units digit of z(1)?
0
What is the units digit of (-2)/(((-32)/268)/4)?
7
Suppose 194 = -5*j + 1354. What is the tens digit of j?
3
Let m(s) = s**3 - 10*s**2 + 11*s - 8. What is the tens digit of m(9)?
1
Suppose 11*m = 6*m + 170. What is the units digit of m?
4
What is the units digit of (-875)/(-28) + 2/(-8)?
1
Suppose -1 = g - 2*w, w = 2*g - 0*w + 2. Let d be 1/(114/111 + g). Suppose 5*l + 2*t = d, 2*t = -3*l + 5 + 14. What is the units digit of l?
9
What is the units digit of 32*3*(-3)/(-12)?
4
Let k(p) = 108*p - 18. What is the tens digit of k(1)?
9
Let l(j) = -j**2 - 11*j + 24. What is the tens digit of l(-12)?
1
Let l(i) = -i**3 + 10*i**2 - 3*i - 10. What is the hundreds digit of l(6)?
1
Suppose 0*l + 4*l - 308 = 0. What is the tens digit of l?
7
Let o(j) = j**2 + 2*j - 2. What is the units digit of o(-4)?
6
Let p(x) = x**2 + 8*x + 1. Suppose 3*d + 2*d = -40. Let r be p(d). What is the tens digit of r - (-3 - 15 - -3)?
1
Suppose 3*f + 4*c = 592, -149 = -f - c + 49. What is the tens digit of f?
0
Suppose -2*v - 11 + 79 = 0. What is the units digit of v?
4
Suppose 0*i - 4 = -2*i. Suppose v - 9 = -i*p, -43 = -4*v + 3*p + 4. What is the units digit of v?
1
Let k(o) = 4*o**2 - 2*o**2 - 1 - 2*o**2 - o**2 - 10*o. What is the units digit of k(-8)?
5
Suppose 2*j - 27 - 8 = 5*g, 2*g - 3*j = -25. Let x = -4 - g. Suppose -u - x = -4. What is the units digit of u?
3
Suppose 0 = -5*b + 2*b - 12. Let s = b + 8. What is the units digit of s?
4
What is the tens digit of (-1 - 52)*6/(0 - 6)?
5
Suppose 2*k + 4*q - 88 = 0, -2*k = 2*k + 5*q - 179. What is the tens digit of k?
4
Let g = 7 + 11. What is the tens digit of g?
1
Let f(l) = 5*l + 18. Let z(v) = -6*v - 18. Let q(j) = 5*f(j) + 4*z(j). What is the tens digit of q(0)?
1
Suppose 6*a = 2*a - 8. Let x be (3/(-6)*0)/a. Suppose 5*k - 3*m - 2 - 2 = x, -2*m + 4 = 0. What is the units digit of k?
2
Let o = 6 - -88. What is the units digit of o?
4
Suppose -4*w + 367 = -121. What is the tens digit of w?
2
Let z = -13 - -7. What is the tens digit of 3*(-15)/z*2?
1
Suppose 3*i = 4*m + i - 102, -m = 5*i - 20. What is the tens digit of m?
2
Let j = 49 - -24. What is the units digit of j?
3
Let u(l) be the first derivative of -l**3/3 - 7*l**2/2 - l - 1. What is the units digit of u(-6)?
5
Let w = 37 - 20. Suppose 4*q = -2*s + 59 - w, -3*s + 4*q = -113. What is the units digit of s?
1
Suppose 0*b - 2*n = -2*b + 166, 0 = -b + 5*n + 95. What is the tens digit of b?
8
Let v(o) = o**2 - 6*o + 2. Let g be v(6). Suppose -g*k + 12 = k. Suppose -k*d + 21 = -19. What is the units digit of d?
0
Let m be 0 - -2 - 1*2. Suppose b + m*b = 0. Suppose 6 = 3*p - b. What is the units digit of p?
2
Suppose -2*g = 7*g - 540. What is the units digit of g?
0
Suppose 0 = -3*z - 4*k + 602, z + 194 = 2*z - 2*k. What is the hundreds digit of z?
1
Let w(x) = x**2 + 9*x + 14. What is the tens digit of w(-12)?
5
Let p(n) = n**2 + 9*n - 16. Let z be p(7). Suppose k - 4*f = -0*k + 53, -2*k + 3*f + z = 0. What is the tens digit of k?
4
Suppose -n = 5*d - 313, 4*d - n - 246 = 8. What is the units digit of d?
3
Let s(l) = -2*l**3 - 4*l**2 - 3*l - 2. Let p be s(-2). Suppose x - 10 = 4*v + p, 3*v + 43 = 2*x. What is the tens digit of x?
2
Suppose -3*k - 49 = 5*l, 3*l + 37 = -3*k + 10. Let s = 19 + l. What is the units digit of s?
8
Suppose s = -2*s + 90. Suppose 5*a - 15 = v + 3*v, 0 = 5*a + 5*v + s. Let z = a + 2. What is the units digit of z?
1
Let v(n) = n - 3. Let y be v(8). Let t = y + -3. What is the units digit of t?
2
Let w = 89 - 21. What is the units digit of w?
8
Let q = 36 + -25. What is the units digit of q?
1
Suppose 5*p = 7*p. Suppose -118 = -0*c - 3*c + r, p = -4*c - r + 148. What is the units digit of c?
8
Let l(m) = 1 - 2*m + m - 4. What is the units digit of l(-5)?
2
Suppose 5*j - c = 5, -2*c + 0*c = 10. Suppose j = 5*l - l - 16. What is the units digit of l?
4
Let r = 5 - -2. Suppose 2*g - 23 = -r. What is the units digit of g?
8
Suppose 26 + 30 = v. Let a = v + -31. What is the tens digit of a?
2
Let x be 5/7 + 2/7. Suppose x = d - 6. What is the units digit of d?
7
Let l(w) = -23*w + 2. Let g be l(-2). Suppose 0 = 3*h + 12 - g. What is the tens digit of h?
1
Let h(b) = b**3 - 3*b**2 + 0*b**3 + b + 5 - 2. What is the units digit of h(3)?
6
Let n = 5 + 1. Suppose 0 = -o + 5*o + 16. Let w = o + n. What is the units digit of w?
2
Let j(u) = 263*u**3 - u**2 + 3*u - 3. What is the units digit of j(1)?
2
Suppose -p - 4*y = -0*y - 6, 54 = 3*p + 3*y. Suppose g + g = -2*d + p, 0 = -4*d - g + 47. What is the tens digit of d?
1
Suppose 3*s - d = 5, -4 = 2*s + 4*d - d. Let f = 3 - 3. Let l = s - f. What is the units digit of l?
1
What is the units digit of (-7644)/(-48) + 3/4?
0
What is the tens digit of 808/20 + (-4)/10?
4
Let f be (-488)/10 - (-3)/(-15). Let h be (-8)/12*(f - -1). Suppose 0*r + 2*r + 2 = v, 4*r = -4*v + h. What is the units digit of v?
6
Let w(u) = 14*u + 3 + 18*u - 6 - 35*u + u**2. What is the units digit of w(5)?
7
Suppose -5*h + 36 = -y - 326, -82 = -h + 5*y. Suppose -v = v - h. What is the tens digit of v?
3
Let y(q) = -4*q + 8. Let j(d) = -5*d + 9. Let i(b) = -5*j(b) + 6*y(b). Let s(a) = -5*